r?
False
Let m(w) = -9066*w - 139. Is m(-3) a composite number?
False
Suppose 2*i + 34*c = 35*c + 570, -5*i + 1424 = -2*c. Suppose -3*n + i = -a + 3060, 2*n - 8295 = -3*a. Is a composite?
False
Let w be (-1*2)/(1/2). Let g be 18/(-15) + 21595/(-25). Is ((w - -3) + 0)*g a prime number?
False
Let v(u) be the second derivative of u**3/6 + u**2/2 - 7*u. Let n(g) = -101*g + 11. Let o(a) = n(a) - 4*v(a). Is o(-4) a prime number?
False
Let d = -7605 - -23374. Is d a composite number?
True
Let o = -1459 + 3176. Is o composite?
True
Let l = -286 - -485. Suppose -b + 777 = 4*j, 6*b = -j + b + l. Is j a prime number?
False
Let k be 147984/(-72)*9/(-2). Suppose 230*f - 227*f = k. Is f a composite number?
False
Suppose 780*j - 527448 = 756*j. Is j prime?
True
Suppose -1037 = -6*b - 149. Suppose -4*f + 2*h + h + b = 0, 0 = f + h - 30. Is (f/(-8))/((-2)/56) + 2 composite?
True
Suppose 0 = 59*o - 52*o - 380737. Is o a prime number?
False
Let p = -11 + 14. Suppose -p + 3 = 8*g. Suppose -6*b + b + 605 = g. Is b composite?
True
Is 5/(90/4) + 75171773/153 + -13 prime?
False
Suppose 0*w + 5*g - 41 = 3*w, 5*w + 5*g + 15 = 0. Let i(n) = 7*n + 1. Let m(j) = 22*j + 47. Let t(s) = -3*i(s) + m(s). Is t(w) a composite number?
False
Suppose 5*w = -2*t + 23, -w - 3 = t - 10. Suppose 5*j - 3216 = w*j. Suppose u = -7*u + j. Is u a composite number?
True
Suppose 0 = -3*j + 5*j - 12. Suppose 4*o = -4*l + 24580, 0 = -2*o + 5*o - 2*l - 18435. Suppose -o = -j*u + 1061. Is u composite?
False
Let j = -36 - -41. Suppose j*f = 2*f - 15, 3891 = 4*l - 3*f. Suppose -l = -2*c - y, 0*c + 989 = 2*c - 3*y. Is c prime?
True
Is (-1)/(2/10) + -563272*(-28)/112 a prime number?
True
Suppose 17 = r - 4*n, -2*r - r - 17 = 5*n. Let h be (3/4 - r/4)*10. Suppose -h*p + 16 = -p, u - p - 637 = 0. Is u composite?
False
Let j = -236638 + 718085. Is j prime?
True
Let j = -902540 + 1326049. Is j prime?
True
Let w(d) = d**3 - 6*d**2 - 5*d + 23. Let f be w(6). Let l(n) = -585*n - 18. Let x be l(f). Let g = x - 2238. Is g prime?
False
Suppose 4 = 3*k + 13. Let p(x) be the first derivative of -33*x**2/2 - 8*x + 445. Is p(k) a prime number?
False
Let m(g) = 3 + 125*g + 12 + 387*g + 459*g + 98*g. Is m(4) a composite number?
True
Let y(t) = -2*t**2 + 22*t - 6. Let c be y(11). Is (5 - 136989/(-63)) + c/14 a prime number?
True
Let m(w) = w**3 + 18*w**2 + 11*w - 34. Let o be m(-17). Is 1*-2939*o/(-34) prime?
False
Suppose 32*c - 5140 = 22*c. Let u = 1597 + c. Is u a prime number?
True
Let f(u) = -5*u**3 + 428*u**2 + 80*u + 252. Is f(85) prime?
False
Let m(g) = -6222*g + 2645. Is m(-14) a prime number?
True
Let w = 1156223 + 918206. Is w a prime number?
False
Let x(r) = 422*r**2 + 15*r - 62. Is x(37) a prime number?
False
Let q(f) = 2*f**2 - 2*f - 8. Let r be q(4). Suppose x = -4*k + 12, -3*x - 2*k + r = -0*k. Suppose -3*u - m + 1195 = -361, 2053 = x*u - 3*m. Is u prime?
False
Suppose -144*p - 13*p + 22515048 + 7952843 = 0. Is p a composite number?
True
Let i be 5/2 + -1 + (-5)/(-2). Suppose 5*z = 2*z + 5*s - 1204, i*z - s = -1628. Let u = 725 + z. Is u composite?
False
Let m(a) = 1029*a**2 + 4. Let f be m(3). Suppose 0 = 6*r - 6965 - f. Suppose 0 = -4*w + 9*w - r. Is w prime?
True
Is (6/(-8))/(483/(-24883516)) a composite number?
False
Let s be 3 + 1 + (-2 + 7)/5. Let l be (4 + -2)*(-9 + s)*-120. Let r = -269 + l. Is r prime?
True
Let d = -94 - -106. Suppose 6584 = d*x - 4300. Is x a prime number?
True
Let t be (-444)/(-3)*(-27)/(-36). Is 3 - (8 - 6) - -40*t composite?
False
Let p(q) = q - 4. Let m(x) = 3*x - 11. Let l(s) = 3*m(s) - 8*p(s). Let w(z) = 7*z + 44. Let i(f) = -6*l(f) + w(f). Is i(-17) a composite number?
True
Let p be (-28)/(-6)*(-15)/(-2). Let b be (614*-2)/(7/p). Is ((-4)/(-8))/((-2)/b) a prime number?
False
Let w(x) = -x**3 - 4*x**2 + 6*x + 7. Let y be w(-5). Suppose -y*l + 141 = -1033. Is l a composite number?
False
Let u be (-4)/2*(-7)/(-14)*-18. Suppose -u*p + 24374 = -16*p. Is p a prime number?
False
Let l(x) = x**3 + 13*x**2 + 14*x + 9. Let m be (54/15)/((-16)/40). Let p be l(m). Suppose 587 = 4*g + p. Is g composite?
True
Let b(t) = -t**2 - 3*t + 1. Let v be b(-2). Suppose 217 = v*a - 2*g, -5*a + 0*g + 365 = -5*g. Let n = a + 106. Is n prime?
False
Suppose 0 = -135*p + 55*p - 69*p + 1242511. Is p prime?
False
Let z = 27573 - 10904. Is z a prime number?
False
Suppose -14 = c + 40. Let m = c + 58. Suppose -3*n + 9*g = 7*g - 15153, -m*n + 3*g = -20204. Is n a composite number?
False
Let m = -2271443 + 3224940. Is m composite?
False
Let b(h) = -7*h - 15. Let i be b(-2). Is ((7 - 2552) + 0)*i a composite number?
True
Suppose -38*s - 3*s + 1537341 = -2*s. Is s prime?
True
Is (-2 - 1)/(15/(-126505)) composite?
False
Suppose 25067 - 118858 = -w - 2*r, -750300 = -8*w - 2*r. Is w composite?
False
Suppose 4*h - 4111 = -j, -2*j - 16*h + 20*h + 8186 = 0. Is j composite?
False
Let s(t) = 23*t**2 + 10*t + 205. Is s(-32) a prime number?
False
Let o(p) = -p**2 - 11*p - 9. Let b be o(-10). Let d be 1*6*b/2. Suppose 1976 = 5*s - v, -2*s + 1188 = s - d*v. Is s a composite number?
True
Let r = 1820 - -63989. Is r a composite number?
False
Let f = 34 + -44. Let q(d) = 13*d**2 + 13*d - 23. Let c(j) = 39*j**2 + 39*j - 68. Let b(y) = 4*c(y) - 11*q(y). Is b(f) prime?
True
Suppose -5*g = -5*y + 25, g = 3*y + 2*g - 27. Let h(u) = 293*u - 12. Let m be h(y). Suppose -3*q - m = -7*q. Is q prime?
False
Suppose 5*r + 76 = 9*s, 8*r = 4*r + 4. Suppose 166922 = s*k + 5*k. Is k prime?
True
Suppose 0 = -181*x + 186*x - 30. Let p be ((-22136)/x)/4 + (-12)/(-36). Let h = p + 1899. Is h composite?
False
Suppose 3*c + d - 154949 - 9618 = 0, 0 = 5*c + 3*d - 274273. Is c a composite number?
True
Suppose 3*j - 79676 = -4*h + 73760, -j + 76718 = 2*h. Is h a prime number?
False
Suppose -2*w + 0*b - 4*b + 18112 = 0, 0 = 5*w + b - 45271. Suppose 2*h + 0*h - 3*t = 6041, -3*t = -3*h + w. Let x = h + -1656. Is x prime?
False
Let d = -742 + 166. Let u = -317 - d. Is u composite?
True
Suppose -3*n + 4*s - 4179 = 0, -2*n + 0*n + 4*s - 2790 = 0. Suppose 8725 = -4*g - c, -2*c = -g - 2*g - 6552. Let y = n - g. Is y prime?
False
Let o(q) = q**3 - 8*q**2 + 10*q + 12. Let k be o(6). Suppose k = -0*t - 2*t, -4*z = 5*t - 2204. Suppose -w = 142 - z. Is w prime?
True
Suppose 5*i + 625935 = 5*w, w = -i - 0*i + 125177. Is w prime?
False
Suppose 0 = 8*h - 9*h - 16. Let f(l) = 4*l**2 + 15*l + 1. Let g be f(h). Suppose 19*d - g = 14*d. Is d prime?
True
Let k(f) = -3426*f**3 + 15*f**2 + 16*f + 120. Is k(-5) composite?
True
Suppose 30*q - 784701 = -5*v + 33*q, -313876 = -2*v - q. Is v a prime number?
False
Suppose -8*p + 20 = -4*p. Suppose -34 = p*x - 9. Is 574 + x + (-3 - 1) a prime number?
False
Suppose 0 = -3*i + 5*d + 1021071, -d - 4746275 = -9*i - 1683062. Is i composite?
True
Let k(g) = g**3 - g**2 + g - 1. Let x(b) = -5*b**3 + 8*b**2 + 6*b - 19. Let i(z) = 4*k(z) + x(z). Let d be i(4). Suppose -d*r = -22*r + 21595. Is r composite?
True
Let w(y) = 52*y**2 - 87*y + 407. Is w(60) a prime number?
True
Let c(q) = 1685*q + 70. Let r be c(19). Is (-5)/(-40) - r/(-24) a prime number?
False
Let z(i) = -18 - 41*i**3 - 46*i**3 - 7*i - 18*i**2 + 86*i**3. Let a be z(-13). Let x = a - -1191. Is x prime?
True
Suppose 3*n - 5*y = -2*y + 367641, -5*y + 490224 = 4*n. Suppose 15*a = 2*a + n. Is a prime?
False
Let v = 56981 + -36564. Is v prime?
False
Suppose 0 = -22*j + 13*j + 43452. Suppose 18*m - 3*l - j = 17*m, 2*l = -3*m + 14517. Is m a composite number?
True
Is 7/(-28) - 17599629/(-228) - 2/19 composite?
False
Let l(u) = -u**3 + 15*u**2 - 5*u + 47. Let m be l(15). Let p(y) = -y**3 - 21*y**2 - 19*y - 39. Is p(m) composite?
False
Let s(i) be the second derivative of 101*i**3/2 - 149*i**2/2 + 110*i - 1. Is s(6) prime?
True
Let k(q) = q**2 + 2*q + 1616. Let g = -48 + 48. Let o be k(g). Let h = o - 607. Is h a composite number?
False
Let h(p) = p**3 - 16*p**2 - 16*p - 30. Suppose 0 = 6*f - 4*f - 30. Let i be h(f). Let r = -274 - i. Is r composite?
True
Suppose 3*u - 6180 = -2*o, -o - 2*u = 2*u - 3085. Let r = o - 1840. Suppose -2*l = -9*l + r. Is l a prime number?
True
Let l be -1*9/(-15)*(-3 + 8). Suppose -l*w + 7737 = 2*f - 6*f, -2579 = -w - 5*f. Is w a composite number?
False
Suppose -2*g + 4*l + 3410082 = 0, -7618*g = -7614*g - 3*l - 6820189. Is g a composite number?
